= -v**3 + 15*v**2 - 42*v - 6. Let r be a(11). Suppose -j + 19 = 3*i + r, -2*j - 14 = -4*i. Let h(n) = n**3 + 3*n**2 + n + 6. Determine h(j).
3
Let f(l) = 7*l + l + 5043545*l**2 - 17 - 5043540*l**2. Determine f(3).
52
Let r(y) = -y**2 + 3. Suppose 0 = -2*d - 4*h - 18 + 6, -h - 13 = -2*d. Suppose 9*z + 213 = d*p + 4*z, 0 = -5*p - z + 288. Let b = 61 - p. Calculate r(b).
-13
Let n(k) = -k**3 + 4*k**2 - 3*k + 2. Suppose -m - 3 = -2*m. Let d be (m*(-3)/(-18))/(2/12). Let s be n(d). Let g(z) = -z**2 - 2*z + 2. Calculate g(s).
-6
Let i(u) = -u + 3. Suppose -2*l = -2*r - 5 - 13, -30 = 2*r - 5*l. Let a be 390/50 + (-1)/r. Calculate i(a).
-5
Suppose 9*g = -3*g + 132. Let b(i) = -35*i + 5. Let v(s) = -7*s + 1. Let f(m) = g*v(m) - 2*b(m). What is f(2)?
-13
Let z(k) = -k**2 - 4. Suppose g - 1 - 3 = -4*q, 0 = 3*q. Suppose 0 = -9*n + 4*n - l + 16, 0 = 4*n - 2*l - 24. Let x = n - g. Calculate z(x).
-4
Let a(w) = -15*w**3 + 3*w - 3*w - 9*w**2 - 10 + 11*w + 16*w**3. Suppose -54 = -9*c + 3*c. Let q = 17 - c. Give a(q).
14
Let a(s) = s**2 - 15*s - 22. Let t(n) = n**2 - 3. Let q(r) = a(r) - 2*t(r). What is q(-12)?
20
Let k = 331 - 486. Let t be 62/k + (-28)/5. Let c(i) = i**3 + 5*i**2 - 5*i + 3. Determine c(t).
-3
Let z(s) = -s**3 + 4*s**2 - 2*s - 1. Suppose -88*d = -90*d + 10. Suppose 12*b = d*b + 28. What is z(b)?
-9
Let d(q) be the second derivative of -q**7/1260 + q**5/24 - 259*q**4/12 + 253*q. Let y(x) be the third derivative of d(x). Calculate y(-3).
-13
Let l be 33/(-22)*(-24)/(-9). Let a be (-42)/(-9) + ((-22)/6 - l). Let i(y) = -2*y. What is i(a)?
-10
Suppose 0 = -3*a + 5*p + 6, -2*p + 2 = -4*a - 4. Let o(v) = -22*v + 38*v - 9*v + 3. Give o(a).
-18
Let u(a) = -4*a + 4 - a + 6*a. Let k(b) = b**2 - 2*b - 363. Let i be k(20). Give u(i).
1
Let f(u) = -u - 57 + 177 - 59 - 53. Let p(l) = l**2 - 23*l - 15. Let m be p(24). Determine f(m).
-1
Let t = 19579 - 19585. Let a(l) = 0*l**2 - 1 - 5*l**2 - 6*l**3 + 5*l**3 + 7*l. Determine a(t).
-7
Let z(b) be the first derivative of b**7/840 - b**6/90 - 7*b**5/120 + b**4/4 + b**3 + 3*b**2/2 + 66. Let k(v) be the third derivative of z(v). Determine k(4).
-22
Let c = 8533 + -8534. Let h(w) = -15*w**3 - 2*w**2 - w + 1. Give h(c).
15
Let n be 1/2 + 10/4. Let q(c) = c**2 - 5*c + 4. Let z be q(n). Let m(k) = -9 + k - 3 - 16 + 29. Give m(z).
-1
Let z(k) = -274*k - 14. Let i(y) = 55*y + 3. Let a(d) = 14*i(d) + 3*z(d). Let c(s) = 6*s. Let n = -4001 - -4052. Let g(j) = n*c(j) + 6*a(j). What is g(3)?
-18
Suppose 2*z + 8 = 0, -5*u + 5*z - 9 = -24. Let t(x) be the third derivative of -x**4/24 - x**3/6 + 95*x**2. Calculate t(u).
0
Suppose -46 = -4*h + 3*m, -27 + 5 = -2*h + m. Suppose h = -7*c + 9*c. Suppose 22*l - 21*l = -c. Let q(r) = -r**3 - 6*r**2 - 6*r - 2. Calculate q(l).
3
Let p = -313 + 317. Let h(u) = -2*u - 2*u + p*u - 5*u + 2*u. Determine h(1).
-3
Let g(o) = -20*o**2 - 5*o + 5. Suppose -116*x + 246 = 130*x. Calculate g(x).
-20
Let r(a) = 2*a - 12. Let c(s) be the second derivative of 17*s**3/6 - 72*s**2 - 45*s. Let q be c(9). Give r(q).
6
Suppose 0 = -5*v + 6*v + z + 19, -104 = 5*v - 4*z. Let y(l) = l**3 + 19*l**2 - 28*l - 155. Calculate y(v).
5
Let i(t) be the third derivative of -t**5/15 - t**2. Let r = 15208 + -15206. What is i(r)?
-16
Let d(y) = 68*y - 407. Let h(f) = -34*f - 1116. Let m be h(-33). Give d(m).
1
Let o(r) be the second derivative of -70*r + 7/12*r**4 + 2*r**2 - 1/20*r**5 + 0 - r**3. What is o(6)?
4
Let j(k) = -21*k**3 - k**2 - 31*k - 24. Let g(h) = 20*h**3 + h**2 + 27*h + 21. Let s(o) = 7*g(o) + 6*j(o). Calculate s(-2).
-111
Let t = 11 + -6. Let p(d) = d + 17. Let i(u) = u + 10. Let f(n) = 5*i(n) - 3*p(n). What is f(t)?
9
Let v(z) = -8*z - 24. Let f be v(-10). Let n(p) = -3*p**2 + 2*p + 3. Let s be n(5). Let t = f + s. Let k(q) = q**2 + 3*q - 7. Determine k(t).
11
Let i(q) = -7*q**2 + 4*q + 72. Let b(j) = 5*j**2 - 4*j - 68. Let v(t) = -3*b(t) - 2*i(t). What is v(9)?
15
Let z(c) be the third derivative of c**6/120 - c**5/15 - c**4/6 - 14*c**2 - 3*c + 7. Determine z(-3).
-51
Suppose -21*b + 33 = -9. Suppose 3*g = 9, 3*f + b*f - 40 = -5*g. Let d(l) be the first derivative of -l**4/4 + 5*l**3/3 + 3*l**2/2 + 4*l + 2. Calculate d(f).
19
Suppose -7*u + 13 + 25 = 10. Let s(r) be the third derivative of r**6/360 + r**5/120 - r**4/12 + 2*r**2. Let b(v) be the second derivative of s(v). Give b(u).
9
Let b(l) be the second derivative of l**5/20 + 5*l**4/12 - l**3 - l**2/2 - 105*l. Let h be b(-6). Let q(z) = z**2 - 1 + 0 + z**2. Determine q(h).
1
Let i be (10/(-4))/((13 - (-905)/(-70))*7). Let t(m) = -8*m - 8. Give t(i).
32
Let g be (2*6)/(3/2). Let o = -86 - -87. Let v(j) = 7*j + 10*j - 3*j - 13*j - o. Calculate v(g).
7
Let d(l) = -2*l**3 - 9*l**2 - 13*l - 20. Let j(t) = 3*t**3 + 11*t**2 + 14*t + 27. Let h(a) = -4*d(a) - 3*j(a). Calculate h(-3).
23
Let z(j) = -50*j - 1020*j**2 - 199 + 475*j**2 + 544*j**2. Calculate z(-46).
-15
Let h(k) = -7*k**2 + 10*k**3 - 11*k**3 - 3*k + 12*k**2 + 2 - 8*k**2 - 6*k**2. Determine h(-9).
29
Let f(u) be the second derivative of u**5/20 + u**4/12 + u**3/6 + 3*u**2 - u - 67. Let k = -29 + 29. Give f(k).
6
Let h(w) = -24*w - 4. Let x be h(-6). Let c(b) = 0*b - b + 139*b**2 - x*b**2 - 2 + 3*b. Let t be c(0). Let j(g) = g**3 + 4*g**2 - 2. Determine j(t).
6
Let o(d) = 96*d**2 - 54*d**2 + 3*d - 46*d**2 - 9. Let s(h) = -5*h**2 + 3*h - 11. Let u(j) = -4*o(j) + 3*s(j). Determine u(2).
1
Let z(m) = m**3 - 10*m**2 - 11*m + 5. Let g = 900 + -628. Let k be (-1)/3 + g/24. Give z(k).
5
Let q = -5 - -4. Let b(g) = 9*g**3 - g**2 - 59*g + 31. Let n(s) = -10*s**3 + s**2 + 49*s - 26. Let h(k) = 5*b(k) + 6*n(k). Give h(q).
16
Let y(r) = r**2 + 3*r + 2. Let m(i) = -28*i + 185. Let x be m(5). Suppose -x = 120*t - 105*t. Give y(t).
2
Suppose 0 = -15*z + 178 + 152. Let x be 8 - 46/11 - (-4)/z. Let y(s) = 4*s + 4. Give y(x).
20
Let y(i) = i**3 - 34*i**2 - 72*i + 14. Let p be (5 - (-11 + 18))*(-1 - 17). Determine y(p).
14
Let r(x) = -x**3 - x**2 + 21*x - 3. Let j be r(4). Let a(o) = 2*o**2 - o. Let d(m) = 9*m**2 - 8*m + 3. Let i(s) = j*d(s) - 4*a(s). What is i(3)?
0
Let b(m) = 289*m + 2*m**2 - 335*m + 95 + 74*m. Calculate b(-9).
5
Let p(o) = 6*o. Let g(j) = 31*j - 10. Let d(k) = g(k) - 9*p(k). Determine d(-4).
82
Let x(u) be the second derivative of -u**5/20 + 5*u**4/6 + 5*u**3/6 - 22*u**2 - 1451*u + 1. Give x(10).
6
Let u(q) = 2*q**2 + 5*q - 8. Let w = 310 - 311. Let v(z) = -7*z**2 - 13*z - 12. Let s be v(w). Give u(s).
34
Let y(u) = -2*u + 2*u + u - 341 + 169 + 188. Let l = 7 + -7. What is y(l)?
16
Let u(h) be the second derivative of -h**3/2 - 11*h**2/2 - 812*h. Determine u(-11).
22
Let b(k) be the third derivative of -11*k**5/60 + k**4/12 + k**3/6 - 414*k**2. What is b(-1)?
-12
Suppose 5*y = -0*y - 45. Let s(c) be the second derivative of -c**5/20 - 5*c**4/6 - 5*c**3/6 + 13*c**2/2 - 1614*c. Give s(y).
-23
Let v(w) = -10*w**2 + 25*w - 8. Let j be v(1). Suppose 2*l + 2*l = 0. Let o(k) = 1170*k**3 - 6*k + l*k**2 - 1171*k**3 + j + 6*k**2. What is o(5)?
2
Let b(v) = v**2 - 24*v - 14. Let k(u) = -u**3 + 175*u**2 - 1959*u + 513. Let t be k(163). Give b(t).
-14
Let r = -873 - -873. Suppose r = -31*d + 71*d + 80. Let a(b) = 3*b**3 - b + 2. Calculate a(d).
-20
Suppose 0 = -10*j - o + 44 - 4, -4*o = -4*j + 16. Let s(m) be the third derivative of -10*m**2 + m**3 + 1/24*m**j + 0 + 0*m. Give s(7).
13
Suppose 56*m = 184*m - 896. Let y(c) = c**2 - 6*c - 23. Determine y(m).
-16
Let g(l) be the second derivative of l**5/20 + 5*l**4/12 - l**3/6 - 11*l**2/2 - 350*l - 1. Determine g(-4).
9
Suppose 2*a = -253 + 245. Let s = -8 - -12. Let p(u) = -s + 1 + 3*u + 3. Calculate p(a).
-12
Suppose 20*q + 16*q = -6 - 30. Let j(p) = 6*p**2 - 3*p - 4. Give j(q).
5
Let h(c) = -c. Let o(j) = -j + 4. Let y(x) = -4*h(x) + o(x). Let k = -52 + 52. Give y(k).
4
Let a(r) = 12*r - 155. Let l be 64 - 42 - 9/4*4. What is a(l)?
1
Let w(q) be the first derivative of -3*q**2 - 32*q + 1000. Calculate w(-5).
-2
Let u(f) = 57*f - 56*f - 6 - 11. Let o(z) = -7. Let j(c) = 5*o(c) - 2*u(c). What is j(1)?
-3
Let s(b) be the second derivative of b**5/20 - b**4/6 - b**3 + 3*b**2/2 + b + 138. Determine s(4).
11
Let c = -7016 - -7021. Let m(l) = -2*l**3 - 7*l**2 + 73*l - 3. Give m(c).
-63
Let h(f) = -3*f - 3. Let l be h(-2). Suppose 4*o + 0*u = 3*u - 4, -l*o - 6 = 